 13
231
Convert -357 (base 13) to base 14.
-2d5
-5d7 (base 15) to base 13
-7b1
Convert 42254 (base 7) to base 13.
4991
-10010110100 (base 2) to base 7
-3340
Convert 92ba (base 14) to base 10.
25252
-28e (base 16) to base 11
-545
What is 33131313 (base 4) in base 8?
173567
-8c0 (base 15) to base 2
-11110111100
1213 (base 9) to base 7
2430
What is -20012 (base 4) in base 11?
-431
6ba (base 14) to base 2
10100111100
What is 2739 (base 11) in base 7?
13232
24 (base 16) to base 8
44
-1124211 (base 5) to base 3
-1001012100
-11001100000 (base 2) to base 4
-121200
-600 (base 12) to base 15
-3c9
Convert -45ac (base 13) to base 8.
-23057
What is 220130 (base 4) in base 7?
10355
3716 (base 12) to base 9
8460
1101110010010 (base 2) to base 7
26402
Convert -10495 (base 10) to base 14.
-3b79
What is 4434 (base 7) in base 9?
2160
Convert 428 (base 12) to base 16.
260
Convert 2 (base 10) to base 14.
2
-12420 (base 10) to base 12
-7230
What is -37634 (base 10) in base 2?
-1001001100000010
-1064 (base 15) to base 4
-312031
-5198 (base 11) to base 9
-10387
What is -10013233 (base 4) in base 12?
-9927
Convert -2da3 (base 16) to base 3.
-121000201
Convert -bc (base 15) to base 12.
-129
-95a (base 11) to base 15
-51e
What is 2021132 (base 4) in base 10?
8798
What is -119 (base 13) in base 5?
-1231
Convert 310320 (base 4) to base 12.
1b60
Convert -14351 (base 6) to base 3.
-10011011
What is 2110220 (base 4) in base 13?
4439
What is -1331 (base 8) in base 3?
-1000000
1111000110 (base 2) to base 15
446
Convert -230 (base 5) to base 4.
-1001
Convert 404 (base 6) to base 16.
94
What is 2a0b (base 15) in base 10?
9011
What is -110023 (base 7) in base 10?
-19225
What is -1240 (base 6) in base 15?
-15c
-51 (base 13) to base 15
-46
What is -1c75 (base 16) in base 5?
-213120
Convert 319c (base 15) to base 4.
2210001
4b7d (base 16) to base 15
5ad5
Convert 104 (base 10) to base 4.
1220
What is -31d5 (base 16) in base 2?
-11000111010101
Convert -36102 (base 7) to base 2.
-10010001100000
1111 (base 10) to base 11
920
-102112 (base 3) to base 4
-10313
Convert -216 (base 13) to base 14.
-1b7
-2011122 (base 3) to base 4
-120233
Convert 1013035 (base 6) to base 3.
2110200212
What is -47272 (base 8) in base 7?
-112521
What is 101022 (base 3) in base 6?
1142
Convert 1422 (base 7) to base 10.
555
What is 333311 (base 4) in base 5?
112320
Convert 1b72 (base 15) to base 16.
1745
Convert -748a (base 13) to base 14.
-5c6d
-21442 (base 7) to base 3
-21100221
-538 (base 14) to base 2
-10000000110
Convert 419 (base 16) to base 5.
13144
Convert b24 (base 14) to base 11.
170a
What is -1b46 (base 15) in base 12?
-3510
-100110000 (base 2) to base 13
-1a5
-3856 (base 10) to base 8
-7420
What is -1000111101101 (base 2) in base 3?
-20021222
What is -100110001100 (base 2) in base 10?
-2444
Convert 210102 (base 4) to base 15.
a4c
22130 (base 8) to base 5
244204
What is -22003 (base 6) in base 7?
-11553
Convert -7790 (base 14) to base 11.
-14614
Convert -3 (base 12) to base 9.
-3
What is 132 (base 16) in base 11?
259
-100101001 (base 2) to base 7
-603
Convert 605 (base 9) to base 8.
753
-63366 (base 7) to base 15
-4970
What is -2423 (base 6) in base 5?
-4331
-463246 (base 7) to base 12
-3bab7
What is 110110011001 (base 2) in base 11?
2685
Convert 131d (base 15) to base 9.
5531
Convert -1d5b (base 15) to base 13.
-2ba3
735b (base 14) to base 11
13a30
What is 1210123 (base 4) in base 9?
8731
1101111001110011 (base 2) to base 3
2220010011
What is 2347 (base 9) in base 12?
1014
Convert -2021 (base 13) to base 15.
-149b
What is -1021101200 (base 3) in base 12?
-12616
What is 374 (base 14) in base 3?
221120
Convert -5740 (base 9) to base 4.
-1002120
-17276 (base 9) to base 8
-27167
What is 11111111211 (base 3) in base 6?
1522034
c6c3 (base 16) to base 10
50883
Convert 35235 (base 8) to base 2.
11101010011101
-4910 (base 10) to base 3
-20201212
What is -1842 (base 13) in base 3?
-11221110
-1379 (base 10) to base 12
-96b
538 (base 11) to base 2
1010000110
What is 57635 (base 9) in base 12?
1a2a2
122342 (base 5) to base 11
3603
-2015 (base 6) to base 3
-121102
What is -110011110 (base 2) in base 9?
-510
-186a4 (base 13) to base 12
-23445
-151226 (base 7) to base 8
-71131
What is -308 (base 14) in base 8?
-1124
Convert -22d (base 14) to base 3.
-121001
What is -40114 (base 10) in base 7?
-224644
Convert 12202220 (base 3) to base 13.
1bba
Convert 34141 (base 8) to base 3.
201210120
Convert -2112002021 (base 3) to base 14.
-14133
18407 (base 13) to base 10
46820
What is 1406 (base 11) in base 14?
941
Convert 2638a (base 11) to base 12.
19a01
Convert -7ca4 (base 15) to base 4.
-12131233
-40204 (base 5) to base 16
-9fa
Convert -1001111011111 (base 2) to base 9.
-6872
23785 (base 10) to base 5
1230120
What is 852 (base 9) in base 2?
1010110111
Convert -e92 (base 16) to base 4.
-322102
What is 2a4 (base 13) in base 8?
730
Convert -211201 (base 3) to base 14.
-31b
Convert 40102 (base 5) to base 4.
213133
What is -1545 (base 12) in base 8?
-4705
What is 192a (base 15) in base 9?
7414
Convert -10011011001 (base 2) to base 13.
-746
What is 2011001 (base 3) in base 8?
3037
Convert 15202 (base 12) to base 13.
10670
-1130 (base 5) to base 14
-bb
Convert 11100120 (base 3) to base 13.
15a2
233 (base 6) to base 10
93
Convert -391 (base 13) to base 7.
-1552
What is a2 (base 14) in base 12?
ba
What is -112112021 (base 3) in base 7?
-42610
What is -202120 (base 3) in base 8?
-1053
Convert 3360 (base 9) to base 5.
34414
What is -2004 (base 5) in base 16?
-fe
Convert 502 (base 7) to base 10.
247
31a (base 16) to base 12
562
What is -173 (base 12) in base 8?
-347
167 (base 11) to base 10
194
What is 13002 (base 4) in base 11?
37a
Convert 1ce7 (base 15) to base 5.
200132
34403 (base 5) to base 14
c90
4215 (base 6) to base 3
1022002
What is 5d6 (base 14) in base 8?
2220
What is 1c35 (base 14) in base 10?
5143
What is 4355 (base 7) in base 4?
120113
-d8d (base 16) to base 15
-1064
-a650 (base 11) to base 12
-81a3
46b (base 14) to base 4
31233
Convert -245 (base 15) to base 4.
-20003
What is 2447 (base 8) in base 16?
527
272 (base 9) to base 15
102
What is -61525 (base 7) in base 10?
-15013
22410 (base 7) to base 12
3363
Convert -50 (base 16) to base 15.
-55
What is -440 (base 5) in base 9?
-143
What is 111111110000110 (base 2) in base 5?
2021041
What is -76026 (base 9) in base 2?
-1100010010010101
What is 42225 (base 6) in base 10?
5705
What is 19e (base 16) in base 8?
636
What is 780a (base 14) in base 11?
14687
Convert -3c0 (base 15) to base 3.
-1011200
Convert -3233331 (base 4) to base 11.
-105a1
What is -4838 (base 12) in base 10?
-8108
What is -b4 (base 12) in base 11?
-114
Convert 171 (base 14) to base 12.
207
Convert 3202 (base 4) to base 13.
145
What is -1004444 (base 5) in base 3?
-211021211
What is 1c0 (base 13) in base 11?
276
Convert -11362 (base 7) to base 4.
-231313
Convert 202326 (base 7) to base 2.
1000011010100011
What is 7786 (base 14) in base 11?
14607
Convert -3144 (base 5) to base 12.
-2b4
What is -537 (base 9) in base 15?
-1e4
Convert 806a (base 11) to base 10.
10724
-20122002 (base 3) to base 7
-20045
1011101222 (base 3) to base 16
596f
What is 131003 (base 4) in base 14?
96b
Convert -30112 (base 4) to base 6.
-3354
-2012211 (base 3) to base 9
-2184
Convert -1340 (base 7) to base 2.
-1000000110
Convert -1322 (base 4) to base 3.
-11112
What is -3085 (base 10) in base 6?
-22141
1110022 (base 3) to base 12
745
13223 (base 4) to base 8
753
-3cec (base 15) to base 5
-404142
Convert -6f (base 16) to base 14.
-7d
2609 (base 12) to base 15
1439
Convert -791 (base 11) to base 8.
-1663
What is -bcc3 (base 13) in base 7?
-136556
Convert -103535 (base 6) to base 9.
-12745
What is 41443 (base 5) in base 16?
abc
Convert -52245 (base 6) to base 15.
-2128
What is -1024 (base 8) in base 5?
-4112
Convert -1111 (base 6) to base 2.
-100000011
Convert -111101111100 (base 2) to base 7.
-14362
Convert 2443 (base 5) to base 13.
229
Convert 134661 (base 8) to base 16.
b9b1
Convert 303 (base 6) to base 16.
6f
Convert -643 (base 15) to base 4.
-112011
What is -1010010101 (base 2) in base 12?
-471
What is 1120112100 (base 3) in base 15?
92c0
Convert -753 (base 10) to base 15.
-353
What is 6 (base 10) in base 5?
11
-10111111 (base 2) to 